hat is the units digit of x(39)?
9
Let m(r) = r**2 - 1. Let v(s) = 2*s**2 + 18*s + 97. Let l(w) = 3*m(w) - v(w). What is the units digit of l(-18)?
8
Suppose 11*i - 42 = -3*i. Let n be (i/18 - 0) + (-595)/(-30). Let s(y) = -3*y + 68. What is the units digit of s(n)?
8
Let c(i) = -32*i - 195. Let n be c(-6). What is the tens digit of 8*n/(24/(-728))?
2
Let r be (-30)/(-5 - (-359)/72). What is the units digit of 30/(-105) - r/(-14)?
4
Suppose -72383 = -8*m + 20785. What is the hundreds digit of m?
6
Let q(d) = d**3 - 11*d**2 + 9*d - 33. Suppose 4*z - 80 = -20. What is the tens digit of q(z)?
0
Suppose 0 = 5*a + 3 + 2. Let x be a/(8/12)*6/(-9). Let h(o) = 23*o**3 + 2*o**2 - o. What is the tens digit of h(x)?
2
Let f = 9503 - 3359. What is the thousands digit of f?
6
Suppose 0 = -t + 5*t - 8. Let z(y) = 25*y**2 + 5*y + 5. Let f(s) = -51*s**2 - 11*s - 11. Let j(l) = 2*f(l) + 5*z(l). What is the tens digit of j(t)?
0
Suppose -4*x + 62888 = h, -5*h - 32000 = -2*x - 512. What is the tens digit of x?
2
What is the tens digit of ((-180600)/252)/(2/(-30))?
5
Suppose 22*j - 19*j = 12. Suppose 4*w = 4*a - 20, -a + j*w - 2*w = -5. Suppose -a*c = 4*u - 153, 0*u = -2*u + 2*c + 90. What is the units digit of u?
2
Let o(a) = -9738*a + 13814. What is the thousands digit of o(-5)?
2
Suppose -116596 = -2*l + 3*m, -68*l + 65*l + 10*m = -174927. What is the ten thousands digit of l?
5
Let y be 0*((-9)/6 + (-33)/(-18)). Let o(r) = -2*r + 4. Let c be o(y). Suppose 0 = 5*w + x - 797, -x = w - 161 + c. What is the tens digit of w?
6
Let n(g) = 24*g - 214. Let a be n(9). Suppose 5*m + w = 4550, -929 = -m - 6*w + a*w. What is the units digit of m?
9
Suppose 19*v - 88 = 20*v. Let u = v - -219. Let s = u + -79. What is the units digit of s?
2
Suppose 10*w - 41*w = -67053. What is the hundreds digit of 15*(w/35 + 6)?
0
Suppose -175 = 6*o - 487. Suppose -4*y + 5*y = 4*q + 29, 5*q = 3*y - o. Let s(z) = 10*z + 12. What is the hundreds digit of s(y)?
1
Let m = -210 - -222. Let i(v) = 5*v**2 + 2*v + 14. What is the hundreds digit of i(m)?
7
Let h(u) = -u**2 + 4*u + 13. Let l be h(6). Let j be (9 + 1 + -3)/l. What is the units digit of (2 - (-3 + j))/(2/(-164))?
4
Suppose -27*t + 24*t - 18958 = -2*r, 0 = 2*t - 8. What is the units digit of r?
5
Suppose 8 = -4*b, y - 933*b + 938*b = 3432. What is the thousands digit of y?
3
Let o(v) = -106*v + 55*v - 78*v + 96 - 5*v - 50*v. What is the hundreds digit of o(-7)?
3
Let a(x) = 4*x**2 + 16*x - 18. Let n be a(-5). Suppose -4*f - 2*v + 668 = 0, 750 = 3*f + 5*v + 249. Suppose n*q - f = 97. What is the hundreds digit of q?
1
Let z(k) = 110*k**3 - 9*k**2 - 6*k + 13. What is the tens digit of z(4)?
8
Let k(z) = z + 1. Let v be k(3). Suppose -5*n + 2*i - 127 = -520, 3*i + 313 = v*n. What is the tens digit of n?
7
Suppose 0 = -2*c + 3*h - 16, -2*h + 16 = -4*c - 0*h. Let w be (c*4)/(6/15). What is the units digit of w/(-30) - (-64)/3?
2
Let j = -47 + 55. Suppose 6*a - j = 2*a. What is the tens digit of 1848/28*((-2)/(-3))/a?
2
Let y(f) = 6*f + 4 + 5 - 17*f. Let o be y(-4). Let u = o + 108. What is the tens digit of u?
6
Suppose 56*r = -34*r + 211230. What is the units digit of r?
7
Suppose -3*r - 76 = -82. Let k = 0 + 0. Suppose 4*m - q - 137 = 0, r*m - 2*q - 75 + 11 = k. What is the units digit of m?
5
Let p = 25 + 11. Let y be p/(-8)*188/(-2). Suppose -3*w = 4*s - 296, 5*s + 4*w + 53 = y. What is the units digit of s?
4
Suppose 131118 = 130*s - 59*s - 65*s. What is the hundreds digit of s?
8
Let k(w) = 920*w + 682. What is the tens digit of k(7)?
2
Suppose 5*w - 7 = -5*r - 37, r = -5*w - 18. What is the thousands digit of -3 - -3 - (w + -1016 + 1)?
1
Let k(a) = a**3 - 7*a**2 + 11*a + 7. Suppose 36 = -t + 10*t. Let z be k(t). Suppose 52 = z*q + q. What is the units digit of q?
3
Suppose 0*q + 135 = -5*k + 2*q, 0 = 3*k + 5*q + 50. What is the units digit of (-4)/10 + (-8460)/k?
8
Let s(l) = -l**3 + 8*l**2 - 5*l - 11. Let d be s(7). Suppose 2*j = d*j - 4. What is the units digit of (-1363)/(-13) - j - (-4)/26?
1
Suppose x - 3*w = 5730, -57*w + 59*w - 28582 = -5*x. What is the tens digit of x?
1
Suppose 0 = 11*h - 4 - 18. What is the units digit of h + (-5694)/(-10) + 10/(-25)?
1
Suppose -3*x = k + 12, -2*x - 8 - 2 = 0. Let z be ((-4)/k + 0)*-3. Suppose -2*v = 2*l - 194, v = z*v - 6. What is the tens digit of l?
9
What is the hundreds digit of (-40)/(-15)*-1*(-930)/8?
3
Let y(m) = -m - 7. Let v be y(-13). Let o be 16/(-12) + (-4)/v - -65. Let g = o - -37. What is the tens digit of g?
0
Suppose -116*o + 78*o + 144286 = 0. What is the tens digit of o?
9
Let o(q) be the second derivative of -79*q**3/6 - 29*q**2 + 91*q. What is the units digit of o(-7)?
5
Suppose -91*v - 130838 = -383*v + 9322. What is the hundreds digit of v?
4
Let n = 87 + -285. Let i be 4/6*n/(-22). Suppose 0 = -i*g + 8*g - 464. What is the tens digit of g?
3
Suppose -4*t - 2*v = -7*v - 127, -4*t + 109 = v. What is the hundreds digit of ((-7)/(t/(-1530)))/((-2)/(-4))?
7
Let i = 41 + -36. Suppose -30 = -i*q - 3*s - 3, -2*q + 3*s = 6. Suppose 4*k - 3*j - 388 = 0, -2*k + q*j + 117 = -83. What is the units digit of k?
4
Let f = -271 - -199. What is the units digit of ((-69)/(-92))/((-1)/f)?
4
Suppose 0 = -j + 2, 3*j - 5 = -r + 4. What is the tens digit of 2 + (10 + 4)*r?
4
Suppose 0 = -5*z + 2*i + 28, 3*i = -4*z + 40 - 13. Let h(w) = z*w**2 - 2*w + 9*w + w**2 - 2*w. What is the hundreds digit of h(5)?
2
Let b = -60 - -3752. What is the hundreds digit of b?
6
Let k = 38 + -2. Let m be 6/k - 4582/(-12). Suppose -4*c + m = 118. What is the units digit of c?
6
Suppose -160*a + 130*a + 454402 + 934898 = 0. What is the tens digit of a?
1
Let g(m) = -3*m**2 + 14*m - 12. Let w(s) = -3*s**2 + 13*s - 12. Let r(v) = 2*g(v) - 3*w(v). What is the units digit of r(-9)?
4
Let f = 10 + -4. What is the hundreds digit of 6*7/(-126) - (-11258)/f?
8
Suppose -3748 = -2*x + 2*t, -5*x = -4*t + 9*t - 9310. What is the tens digit of x?
6
Suppose 28654 = 5*b + 2*a, -3*b - 21*a + 26*a + 17180 = 0. What is the hundreds digit of b?
7
Let n(q) = q**3 + 17*q**2 - 5*q - 22. Suppose 189 = 19*w - 46*w. What is the hundreds digit of n(w)?
5
Let c = 1033 - 647. What is the hundreds digit of (-3)/(-2)*c/3?
1
Let i(l) = -3*l**3 - 3*l**2 + 2*l - 1. Let t be i(-3). Let x = -46 + t. Let r = x + 34. What is the tens digit of r?
3
Let z(i) = 5370*i + 388. What is the thousands digit of z(7)?
7
Let b = 57 + -57. Suppose 14*s - 13*s = b. Suppose 3*o - 2*o - 4 = s, -2*l = -o - 228. What is the tens digit of l?
1
Let b = -150 + 64. Suppose 0 = -23*i - 8*i + 6975. Let r = i + b. What is the hundreds digit of r?
1
Suppose 2799281 = 93*a - 2445457 + 1954677. What is the thousands digit of a?
5
Let x be 1 - (-4 + 7) - 10. Let c(a) = -48*a + 139. What is the tens digit of c(x)?
1
Let f be (-34)/(-7) + (-1 - 56/(-49)). Suppose 2*a = 4*y + 1264, -5*a = -f*y + 4*y - 3178. What is the hundreds digit of a?
6
Let v(k) = 1619*k**2 + 745*k - 3707. What is the thousands digit of v(5)?
0
Let c = -388 - -312. What is the hundreds digit of 8/c + 4258/19?
2
Let t(k) = 2718*k + 3538. What is the hundreds digit of t(16)?
0
Let o be 133/(-38)*(-968)/14. Suppose -14 = 3*s - o. What is the tens digit of s?
7
Suppose -20866 = 4*l - 59138. Suppose -l = -7*c - 9*c. What is the units digit of c?
8
Let y be ((-5)/((-100)/(-45)))/((-3)/(-8)). Let b be (70998/(-8))/(-3) - (-15)/(-60). What is the tens digit of y/(-57) - b/(-57)?
5
Suppose -212*t - 348386 = -1345210. What is the tens digit of t?
0
Let h(w) = -w**3 - 2*w**2 - 3*w + 9. Let n be h(-7). Let u = 91 + n. What is the hundreds digit of u?
3
Let f be (68 - 0)*(-48)/(-192). Suppose f*n = 20*n + 3, -4*n = 2*q - 64. What is the units digit of q?
4
Let o = -12 - -9. Let s be o + (6 - 0) - 7. What is the units digit of s + 9*(-46)/(-6)?
5
Let i(y) = 2*y**3 + 2*y**2 - 159*y + 11675. What is the hundreds digit of i(0)?
6
What is the ten thousands digit of 11255 - 40*(-32)/(-80)?
1
Let q(r) = -r**3 - 16*r**2 + 37*r + 59. Let u be q(-22). Let m = -690 + u. What is the units digit of m?
9
Let c = 11 + -8. Let f be c - (-2 + 5) - -3. Suppose f*b - 4*b + 21 = s, -s = 5*b - 1. What is the tens digit of s?
2
Let u(v) be the first derivative of v**3 + v**2/2 - 38*v - 6. What is the hundreds digit of u(-12)?
3
What